 remainder when 6 - 8 - j/2*8 is divided by 7?
6
Suppose -6 = -13*x + 15*x. Let o be 5/((-4 - x) + 2). Suppose 0 = 4*k - 5*a - 181, 0 = -3*k - o*a + 11 + 81. What is the remainder when k is divided by 11?
6
Suppose 1 = -5*p + n, p - 3 + 2 = -n. Suppose -32 = -3*k - y, -k + 5*y = -p*k + 16. Calculate the remainder when k is divided by 80/(-24)*(-6)/4.
4
Let k(d) = 21*d + 1. Let o be k(1). Suppose 33 = 5*p - o. What is the remainder when 4/((40 + -8)/(-8)) + 21 is divided by p?
9
Suppose 0 = -5*o + p + 3785, 4*o - 5*o = 4*p - 757. What is the remainder when o is divided by 20?
17
Calculate the remainder when 37 - ((-2)/5)/(80/(-200)) is divided by 22.
14
Let s(z) = 3*z + 3. Let v be s(4). Suppose 0 = d - 6*d + v. Suppose -90 = -2*b - d*b. Calculate the remainder when b is divided by 5.
3
Let m(u) = 5*u. Suppose 0 = 5*z - 2*p - 57, -4*p = 5*z + 8 - 89. What is the remainder when m(5) is divided by z?
12
Let y = 131 - -311. Calculate the remainder when y is divided by 12.
10
Let a = -1052 - -1309. Calculate the remainder when a is divided by 26.
23
Let s(c) be the first derivative of -c**2/2 - 8*c + 11. What is the remainder when 29 is divided by s(-13)?
4
Suppose 0 = 8*g - 120 - 152. What is the remainder when 543 is divided by g?
33
Let z = -42 - -50. Let u(p) = p**3 - 3*p**2 + 3*p - 2. Let h be u(2). Suppose 4*j + j - 105 = h. Calculate the remainder when j is divided by z.
5
Suppose -51 = -0*f - f - 5*k, -5*f - 4*k + 318 = 0. What is the remainder when f is divided by 17?
15
Let c = -2 + 7. Suppose c*p - 2 = -17, 5*p + 30 = 5*u. Suppose 6*g = u*g + 9. What is the remainder when 9 is divided by g?
0
Suppose -60 = 3*i - 18*i. Let u = -4 + -3. Let t = u + 8. Calculate the remainder when i is divided by t.
0
Calculate the remainder when 12 is divided by (3/((-60)/88))/((-8)/20).
1
Suppose -4*v = 4*l - 3*l - 73, -v = -l + 48. Calculate the remainder when l is divided by 21.
11
Suppose 55 = 5*n - 35. Let j = 22 - n. Suppose 176 - 4 = j*y. Calculate the remainder when y is divided by 15.
13
Suppose 7*g - 484 = -37*g. What is the remainder when 54 is divided by g?
10
Let m be (3 - 2)*(0 - -1). Let v be 1 + (19 - m)/2. Suppose 5*u - v = 20. What is the remainder when 10 is divided by u?
4
Let k(o) = -134*o - 62. What is the remainder when k(-1) is divided by 48?
24
Suppose -4*u - 6 - 1414 = -24*u. Suppose -3*y - 2*l = -4*l - 72, 0 = -4*l. What is the remainder when u is divided by y?
23
Let i(x) = x**2 + 2*x + 12. Calculate the remainder when i(11) is divided by 51.
2
Suppose -2*p - 2*c = -63 - 315, 5*c = 0. What is the remainder when p is divided by 48?
45
Calculate the remainder when 76 is divided by (-4)/8 + ((-1425)/10)/(-5).
20
Let k = 301 - 197. Calculate the remainder when 932 is divided by k.
100
Suppose -4*f + 452 = 4*u, -2*u = 18*f - 23*f - 198. Calculate the remainder when u is divided by 10.
9
Suppose -2*n + 0*j + 54 = 2*j, -4*n - 3*j + 105 = 0. Let u = 117 - n. What is the remainder when u is divided by 50?
43
Let s(h) = -h**3 + h**2 - h. Let w be s(0). Suppose 4*g - 2*y - 10 = w, 5*y = 3*g - 6 + 2. What is the remainder when 41 is divided by 1/(4*g/168)?
13
Let b(z) = 2*z**2 - 20*z - 16. Let f be b(11). Suppose f*k - 111 = 9. What is the remainder when k is divided by 7?
6
Suppose 5*p + 2*m = 250, -p + 62 = 5*m - 7*m. Calculate the remainder when p is divided by 41.
11
Suppose -5*z = -2*z - 78. Suppose 3*d - z = w, 4*d + 2*w - 24 = -2*w. Suppose -d*b - 71 + 519 = 0. Calculate the remainder when b is divided by 15.
11
Suppose -h = 2*f - 29, -3*f + 65 = 2*h - 6*f. Let m = 5 + 6. Calculate the remainder when h is divided by m.
9
Calculate the remainder when 107 is divided by (-864)/(-84) - 10 - 514/(-14).
33
Let f = 29 - 8. Calculate the remainder when 35 is divided by f.
14
Suppose -594 = -5*d - 109. What is the remainder when d is divided by 96?
1
What is the remainder when 2/(-4)*5*-12 is divided by ((-286)/(-65) - 11)/(6/(-10))?
8
Let j(w) = w**3 + 6*w**2 - 7*w - 1. Let h be j(-7). Calculate the remainder when 107 is divided by (h + 1 + -2)*-11.
19
Let p(o) = o**3 + 12*o**2 + 2*o - 12. What is the remainder when p(-10) is divided by 34?
32
Let n = -38 - -36. What is the remainder when (-17 - -12)*(1 + n) is divided by 3?
2
Let u be 2*(-3)/24*-36. What is the remainder when 3 + 30/u*3 is divided by 8?
5
Suppose 21 + 9 = 3*k. Let c(l) = 3*l**2 - 3*l + 1. Let i(q) = -q**2. Let r(p) = c(p) + 2*i(p). Calculate the remainder when r(7) is divided by k.
9
Let h(j) = -j**3 + j**2 + 7*j + 30. Calculate the remainder when 45 is divided by h(0).
15
Let x(w) = 3*w + 8. Calculate the remainder when 265 is divided by x(29).
75
Suppose -2*d = d - 513. Suppose -5*b + 18 + d = 2*a, 3*a = -5*b + 186. Suppose 3*l = -2*f + 61, -2*f = -7*f - 5. Calculate the remainder when b is divided by l.
18
Suppose 0*q = 3*q - 3, 3*u = q + 203. Suppose 0 = -2*x - 5*f - 9, 0 = -x - 3*x + f + 15. Let g = 20 + x. Calculate the remainder when u is divided by g.
22
Suppose 2*s = -5*r + 4*s, 4*s - 14 = 3*r. Calculate the remainder when -5 + (14 - (-3)/(-1)) is divided by r.
0
Let t = -3 - -28. Calculate the remainder when t is divided by 2/(-3) + -87*6/(-54).
7
Suppose -2*b + 109 = -7. Suppose 0 = 3*z - 5 - b. Calculate the remainder when 48 is divided by (-53)/(-3) - 14/z.
14
Let u = -120 + 120. Suppose 4*r + 76 = 4*c, u = -c + 8*r - 3*r - 1. Calculate the remainder when 118 is divided by c.
22
Suppose 5*b - m = 280, 0 = 3*b - 8*b + 5*m + 280. What is the remainder when 108 is divided by b?
52
Suppose 92 - 113 = -t. Calculate the remainder when t is divided by 10.
1
Suppose -28*f + 675 = 17*f. What is the remainder when 2*(354/4)/3 is divided by f?
14
Let v = -259 + 433. Let n = 176 - v. Let a = 0 + 1. What is the remainder when n is divided by a?
0
Suppose -4*l - 3*i + 467 = 0, 5*l + 426*i - 423*i = 586. Calculate the remainder when 342 is divided by l.
104
What is the remainder when 131 is divided by -6 + 196/6 - (-1)/3?
23
Let w(j) = j**3 + 9*j**2 - 23*j - 123. Let a = 28 - 10. What is the remainder when a is divided by w(-10)?
4
Suppose -2*z - 12 = 4*v, 0*z + 5*v + 12 = -z. Let n be (3 + z)*-2 - -2. Suppose -3*f + 4*f - 11 = 3*w, n = -w. Calculate the remainder when 31 is divided by f.
9
Let b(p) = -22*p - 1. Let n be b(-1). Let r = -12 + n. What is the remainder when (24/(-9))/((-4)/24) is divided by r?
7
What is the remainder when (-1 - -1*320) + -124 + 125 is divided by 65?
60
Let q = 73 - 44. Suppose 0 = -z + 3*j + q, j - 31 = -4*z + 59. Calculate the remainder when z is divided by 5.
3
Suppose -2*s = 0, 0 = 5*t - 3*s + 50 - 305. Calculate the remainder when t is divided by 31.
20
Let m be (-20)/3*120/16. Let n = -29 - m. What is the remainder when n is divided by (-4)/10 + (-57)/(-5)?
10
Let j(i) = i**2 - 6*i - 14. Calculate the remainder when j(-11) is divided by 25.
23
Suppose 4*w - 21 = 2*w - 5*c, 0 = 5*w + 2*c. What is the remainder when -4*w/(24/63) is divided by 11?
10
Let j be -1*4/8*-10 + 3. Suppose -j*o + 93 = -5*o. What is the remainder when o is divided by 8?
7
Let n(a) = 7*a**2 + a. Let d = -177 + 186. Calculate the remainder when d is divided by n(1).
1
Let r = 74 + -45. Let h = -55 - -63. What is the remainder when r is divided by h?
5
Let z(t) = -t**3 + 9*t**2 - 7*t + 6. Let w(g) = g**2 + 16*g + 85. What is the remainder when w(-12) is divided by z(8)?
9
Suppose 0 = -i - 2*n, -4*i + 0*n + 28 = n. What is the remainder when (2/i)/(1/332) is divided by 12?
11
Calculate the remainder when 4/(-58) + (-43134)/(-2262) is divided by 4.
3
Let s(n) be the first derivative of 5*n**2/2 + 10. Suppose 70 = 2*x + 3*x. What is the remainder when x is divided by s(1)?
4
Let l(y) = 47*y - 2. Let p(x) = 94*x - 5. Let u(o) = 10*l(o) - 4*p(o). Let m be u(2). Suppose 5*g - 22 = m. Calculate the remainder when g is divided by 11.
9
Suppose x - 93 = -3*x + 5*d, 0 = -4*x - 2*d + 86. Calculate the remainder when 86 is divided by x.
20
Calculate the remainder when 89 is divided by (-496)/(-28) + (-4)/(-14) - 3.
14
Let y = -8 - -8. Suppose y = -5*d + 8*d. Suppose -2*q - s = q - 49, d = 5*q + s - 85. What is the remainder when 53 is divided by q?
17
Let c(p) = -3*p**2 + 11*p + 1. Let i(m) = -4*m**2 + 10*m + 1. Let d(b) = 3*c(b) - 2*i(b). Calculate the remainder when 89 is div